= k + 2. Suppose 0 = -t + 1 + i. What are the prime factors of t?
2
Let d(k) = 7*k**3 + 12*k**2 - 3*k + 5. Let h(s) = 4*s**3 + 6*s**2 - 2*s + 3. Let g(y) = -3*d(y) + 5*h(y). List the prime factors of g(-6).
2, 3
List the prime factors of 25/10*(-304)/(-10).
2, 19
Let z = 0 - -3. Suppose 17 = z*h + 4*w - 34, 4*h - 2*w = 46. What are the prime factors of h?
13
Let n be -40*(2 + (-11)/4). Let d(a) = -6*a - 5. Let u be d(-4). Let h = n - u. What are the prime factors of h?
11
Let m(n) = -n - 12. Let u be m(-10). List the prime factors of 126/24 - u/(-8).
5
Suppose 0 = 2*w - 3*w - 4. Let i = 4 + w. Suppose i = -4*y + y + 6. What are the prime factors of y?
2
Let b(d) = -d**3 - d**2 + 3*d. Let n(v) = -v - 11. Let h be n(-8). Let i be b(h). Suppose 3*w + 0 = i. List the prime factors of w.
3
Let c = 3 - -5. Suppose -v - v = -c. Suppose 44 = 5*i + v*p, 2*i + 4*p + 0 - 8 = 0. List the prime factors of i.
2, 3
Suppose -2*r + 15 = -3*r. Let o = -11 - r. Suppose -o*p + 2*p = 4*h - 24, 8 = 4*h. What are the prime factors of p?
2
What are the prime factors of (-45)/(-20)*-1*256/(-6)?
2, 3
Let y be 8/6*(-9)/(-6). Let w(c) = -10*c + 5 - 1 + 4*c - c**y. What are the prime factors of w(-6)?
2
Suppose g - t + 9 = -4*g, g - 11 = -3*t. List the prime factors of -3 + (-9 + 1)/g.
5
Let u(g) be the first derivative of 2*g**2 - 8*g - 2. Let s be u(-7). List the prime factors of 20/9 + 8/s.
2
Let i(k) = -k**3 + 6*k**2 - 4*k - 7. Let g be i(5). Suppose -j + 3 + 4 = 0. Let q = j + g. What are the prime factors of q?
5
Let r(n) = -n**3 - 3*n**2 - 3*n - 3. Let w be r(-2). What are the prime factors of (-6)/2 - 5/w?
2
Let o(z) = 0*z + 3*z - 2*z + z**2. Let k be o(-3). List the prime factors of (-6)/(-4)*k/3.
3
Let l = -133 + 230. What are the prime factors of l?
97
Suppose 5*g - 11 = -t, 0*g = -t - 2*g + 17. Suppose 0 = n - t. Suppose 0*j - n = -c + 2*j, 2*c + j = 22. List the prime factors of c.
13
Let x = 42 + -15. Let b = x + -19. List the prime factors of b.
2
Let m(f) = -f**3 + 7 + 2*f**3 - 6*f**2 - 7*f + 0*f. Let w be m(7). Suppose -a + 1 = -w. List the prime factors of a.
2
Let h(u) be the second derivative of -u**5/20 - u**4/2 + 7*u**3/6 + 9*u**2/2 - 3*u. Let k be (-2)/4 + (-26)/4. List the prime factors of h(k).
3
Suppose 0 = 5*f - 10, -4*g + 0*f + 4*f + 1156 = 0. List the prime factors of g.
3, 97
Suppose -3*r - u + 1 = 0, -8 = 5*r - 4*u - 4. Suppose r = -4*b + 4, 0*n + 5*b = n - 10. List the prime factors of n.
3, 5
Suppose 3*h + 3*j - 5 = 4, 0 = h - 5*j + 27. List the prime factors of (-1)/h*1*10.
5
Let j(l) = 19*l**2 + 2*l + 2. Let x(n) = n**2 - n - 1. Let z(m) = j(m) + x(m). What are the prime factors of z(-1)?
2, 5
Suppose h = 3 + 12. Suppose -3 + h = 3*d. Suppose 5*f - 13 = -3*q - 0, 4*f + d = 0. What are the prime factors of q?
2, 3
Let v(f) = -f**2 + f - 2. Let d be v(2). Let m be d/(8/(-10)) + 0. Suppose -5*h = 3*y, -4*h - m = y + 2. What are the prime factors of y?
5
Let m = -2 + 49. List the prime factors of m.
47
Let a(j) = 14*j + 10. What are the prime factors of a(6)?
2, 47
What are the prime factors of (-520)/12*(30/(-4))/5?
5, 13
Suppose x + 2*x - 72 = 0. What are the prime factors of x/9 - 2/(-6)?
3
Let h(v) = -v**3 + 6*v**2 - 3*v - 6. Let r be h(5). Suppose 15 = -i - r*p + p, i - 5*p = -23. List the prime factors of (-582)/(-54) - 4/i.
11
Suppose -2*f = -f + 34. Let l be (12/(-8))/(1/f). Suppose -4*a + a = -l. List the prime factors of a.
17
What are the prime factors of -64*(-3 - (-18)/8)?
2, 3
Let c(i) = 7*i - 37. What are the prime factors of c(17)?
2, 41
Suppose 4*c - 5*l = 60, 0 = 5*c - l - 55 + 1. List the prime factors of c.
2, 5
Let w(l) = -2*l + 12. Let u be w(5). Suppose -36 - 26 = -u*t. List the prime factors of t.
31
Let j = 7 + -5. Suppose q - 6 = -2*b + 9, 2*b - 6 = j*q. What are the prime factors of b?
2, 3
Let s(t) = -7*t + 27. Let b(r) = -11*r + 40. Let k(g) = -5*b(g) + 8*s(g). List the prime factors of k(9).
7
Let y(o) be the first derivative of 2 + 14*o + 13/2*o**2 + 13/3*o**3 + 1/4*o**4. List the prime factors of y(-12).
2
Suppose n + 304 = 5*n - 4*b, 0 = n + 2*b - 79. List the prime factors of n.
7, 11
Let w(a) = a**3 - 4*a**2 - 3*a + 1. What are the prime factors of w(6)?
5, 11
Let z = -2 - -3. Suppose -2*o = z + 1. List the prime factors of (o*1)/(6/(-24)).
2
Let c be 15/12 - 4/16. Let y = c - -22. What are the prime factors of y?
23
Suppose -4*f + 32 = -l, 5*f = -2*l + 5*l + 40. Suppose 3*n - 2*y = f + 10, 0 = 3*y. What are the prime factors of n?
2, 3
Let c(p) = 9*p**2 - 1. Let t be c(-1). List the prime factors of 5/((-5)/2) + t.
2, 3
Let k(w) = w**3 - 7*w**2 + 17*w - 16. What are the prime factors of k(7)?
103
Suppose 3*s + 4 - 13 = 0. Suppose h = 2*n - h - 48, -s*h - 98 = -4*n. List the prime factors of n.
2, 13
Let n(s) = s**3 - 4*s**2 - 9*s + 2. Let m be n(6). Suppose -4*o - 3*d + 40 = 0, 2*o + 3*d - m = -0*d. Suppose o = 5*r - 0. List the prime factors of r.
2
List the prime factors of 5937/18 + (-5)/(-30).
2, 3, 5, 11
Let i(u) = -4*u - 3. Let b be i(-2). Suppose 0 = b*l - 63 - 87. List the prime factors of l.
2, 3, 5
Suppose -5*w + 199 = 3*d, 4*w - d - 2*d = 143. What are the prime factors of w?
2, 19
Suppose 13 = b - 0*w - 2*w, -b - 3 = 2*w. Suppose -3*a = 4*c + 69, -4*a = b*c + a + 85. Let z = c - -29. List the prime factors of z.
11
Let h be 26*(-1 + 3/2). Let u = h - 9. What are the prime factors of u?
2
Suppose 0 = 4*o - 133 + 9. What are the prime factors of o?
31
Let n = 14 + -6. Suppose n = 5*s - s. Suppose y = 5*w + 32, 2*w = -s*y + w + 9. List the prime factors of y.
7
Let v(z) = -2*z**2 + 12 - z**3 + 2*z - 2*z**2 + 7*z - 3*z**2. List the prime factors of v(-8).
2
Let u be 111/21 + 4/(-14). Suppose -u*k + 32 = -3. What are the prime factors of k?
7
Suppose -4*x + 93 = -x. List the prime factors of x.
31
Suppose a = 5*a - 100. What are the prime factors of a?
5
Let s(a) = a**3 - 9*a**2 + 9*a - 2. Let z be s(8). Suppose -w = -3*w + d + z, 0 = 3*w + d - 4. Suppose w = -k + 5. What are the prime factors of k?
3
Let a(k) = -3*k + 2. Let v be a(-1). Suppose 3*y - 5*r - 46 = -r, v*r = -20. What are the prime factors of y?
2, 5
Let o be -52*(0 + 2 + -3). Let t = 86 - o. What are the prime factors of t?
2, 17
Let f be 4/(-18) - 40/(-18). Let j(d) = -2*d**2 + 3*d**2 + 5*d**2 - 4*d**2 + f*d - d**3. List the prime factors of j(-2).
2, 3
Let x(q) = q**2 + q. Let r = 3 + -3. Let m be 2 + -2 + (-2 - r). What are the prime factors of x(m)?
2
Let l(q) = 7*q**2 - 32*q - 2. List the prime factors of l(6).
2, 29
Let j(c) = -6*c - 8. What are the prime factors of j(-6)?
2, 7
Let o be 1/3 + (-3)/9. Suppose o = -l + 4 + 27. List the prime factors of l.
31
Suppose -12 = -3*w - w. Suppose -w*m + 12 = -33. What are the prime factors of m?
3, 5
Suppose 0 = -4*f - 2*j - 0*j - 10, 5*f + 11 = -j. Let n be -9*(f/6)/1. Let v = -1 + n. List the prime factors of v.
2
Suppose -2*w = 4*j + 3 - 23, -5*w + 14 = j. Let k = 6 + -8. List the prime factors of (0 + k)/(j/(-14)).
7
Let s(i) = i**3 - 16*i**2 + 15*i + 16. Suppose -3 = 5*a - 78. List the prime factors of s(a).
2
Suppose -5 = -5*f - p, 3*f - 2*p - 2*p - 26 = 0. Let u(w) = w**3 - f*w**3 + 0*w**3 - 3*w**2 - 2*w. What are the prime factors of u(-3)?
2, 3
What are the prime factors of 31/(1/(4 - 3))?
31
Let g(d) = -2*d**3 - 2*d**2 - 3*d - 3. Let z be g(-4). Suppose 8*u = 3*u + z. List the prime factors of u.
3, 7
Suppose 5*o - 16 = 129. Let r be -11*(-3 + 5 + -1). Let n = r + o. What are the prime factors of n?
2, 3
Suppose 2*o = 4*o - 8. Suppose -145 = -o*f + 31. Suppose -k = -2*z + 40, -5*z + 5*k + f = -61. List the prime factors of z.
19
Suppose a = 4*t - 0*a - 120, -a = 2*t - 54. What are the prime factors of t?
29
Let v(a) = -2*a**3 - 4*a**2 - 2*a + 4. Suppose -2*f = -5*h + 3*f, -3*h = 4*f + 21. List the prime factors of v(h).
2, 7
Let j(q) = q**2 - 7*q + 3. Let u be j(7). What are the prime factors of 19 - (4 + 0 - u)?
2, 3
List the prime factors of (-9)/(-6)*(-208)/(-6).
2, 13
Let h(n) = n**2 + 3*n. Suppose -30 = -w - 4*w. Suppose -4*v = 10 + w. List the prime factors of h(v).
2
Let k(w) = -w + 111. Let o be k(0). Suppose -31 = 5*x - o. What are the prime factors of x?
2
Suppose -91 - 337 = -4*g. List the prime factors of g.
107
List the prime factors of 21/(-49) - 2026/(-7).
1